e thousands digit of 11153?
1
What is the tens digit of 13769?
6
What is the thousands digit of 26204?
6
What is the units digit of 916?
6
What is the tens digit of 72639?
3
What is the units digit of 302?
2
What is the tens digit of 14483?
8
What is the thousands digit of 1039?
1
What is the thousands digit of 39594?
9
What is the tens digit of 3064?
6
What is the units digit of 1369?
9
What is the thousands digit of 171785?
1
What is the tens digit of 2761?
6
What is the units digit of 5866?
6
What is the tens digit of 82?
8
What is the tens digit of 12639?
3
What is the thousands digit of 8801?
8
What is the tens digit of 3087?
8
What is the thousands digit of 10518?
0
What is the hundreds digit of 2721?
7
What is the thousands digit of 6248?
6
What is the hundreds digit of 4138?
1
What is the units digit of 13492?
2
What is the ten thousands digit of 18384?
1
What is the ten thousands digit of 12227?
1
What is the hundreds digit of 5137?
1
What is the tens digit of 15823?
2
What is the hundreds digit of 3141?
1
What is the tens digit of 20?
2
What is the hundreds digit of 936?
9
What is the hundreds digit of 4061?
0
What is the ten thousands digit of 64162?
6
What is the hundreds digit of 49534?
5
What is the tens digit of 641?
4
What is the hundreds digit of 22424?
4
What is the units digit of 734?
4
What is the units digit of 49?
9
What is the units digit of 3654?
4
What is the hundreds digit of 755?
7
What is the tens digit of 418?
1
What is the units digit of 30999?
9
What is the tens digit of 4853?
5
What is the units digit of 17088?
8
What is the units digit of 9613?
3
What is the hundreds digit of 12927?
9
What is the thousands digit of 3419?
3
What is the tens digit of 123474?
7
What is the thousands digit of 8493?
8
What is the units digit of 97833?
3
What is the units digit of 6466?
6
What is the units digit of 319?
9
What is the units digit of 22637?
7
What is the hundreds digit of 977?
9
What is the units digit of 966?
6
What is the hundreds digit of 965?
9
What is the units digit of 4030?
0
What is the ten thousands digit of 31078?
3
What is the hundreds digit of 961?
9
What is the tens digit of 6818?
1
What is the hundreds digit of 5855?
8
What is the thousands digit of 1517?
1
What is the thousands digit of 8672?
8
What is the ten thousands digit of 29825?
2
What is the units digit of 2724?
4
What is the tens digit of 31219?
1
What is the thousands digit of 1034?
1
What is the hundreds digit of 19675?
6
What is the ten thousands digit of 38736?
3
What is the hundreds digit of 10249?
2
What is the tens digit of 437?
3
What is the hundreds digit of 1361?
3
What is the units digit of 835?
5
What is the tens digit of 784?
8
What is the units digit of 9259?
9
What is the tens digit of 185?
8
What is the units digit of 154?
4
What is the thousands digit of 3011?
3
What is the tens digit of 3458?
5
What is the hundreds digit of 3316?
3
What is the tens digit of 4752?
5
What is the tens digit of 15907?
0
What is the units digit of 35859?
9
What is the hundreds digit of 804?
8
What is the units digit of 3926?
6
What is the thousands digit of 1450?
1
What is the units digit of 2042?
2
What is the hundreds digit of 2437?
4
What is the thousands digit of 8926?
8
What is the units digit of 24230?
0
What is the tens digit of 796?
9
What is the ten thousands digit of 74615?
7
What is the hundreds digit of 9464?
4
What is the tens digit of 5716?
1
What is the thousands digit of 7903?
7
What is the hundreds digit of 10173?
1
What is the tens digit of 866?
6
What is the ten thousands digit of 35484?
3
What is the tens digit of 2257?
5
What is the hundreds digit of 4438?
4
What is the thousands digit of 121167?
1
What is the tens digit of 479?
7
What is the thousands digit of 144811?
4
What is the hundreds digit of 1886?
8
What is the tens digit of 3246?
4
What is the tens digit of 9452?
5
What is the thousands digit of 10225?
0
What is the units digit of 151057?
7
What is the tens digit of 10075?
7
What is the tens digit of 1630?
3
What is the tens digit of 1048?
4
What is the thousands digit of 5968?
5
What is the hundreds digit of 7651?
6
What is the thousands digit of 1005?
1
What is the tens digit of 45823?
2
What is the ten thousands digit of 42855?
4
What is the thousands digit of 6363?
6
What is the hundreds digit of 835?
8
What is the hundreds digit of 95069?
0
What is the units digit of 2933?
3
What is the hundreds digit of 2848?
8
What is the hundreds digit of 27397?
3
What is the hundreds digit of 424?
4
What is the units digit of 21345?
5
What is the tens digit of 8084?
8
What is the tens digit of 331?
3
What is the units digit of 1055?
5
What is the tens digit of 175?
7
What is the hundreds digit of 60676?
6
What is the tens digit of 30238?
3
What is the thousands digit of 3232?
3
What is the units digit of 207?
7
What is the tens digit of 8084?
8
What is the hundreds digit of 899?
8
What is the hundreds digit of 571?
5
What is the tens digit of 7289?
8
What is the hundreds digit of 2670?
6
What is the hundred thousands digit of 126850?
1
What is the tens digit of 18997?
9
What is the tens digit of 1726?
2
What is the tens digit of 7401?
0
What is the thousands digit of 1050?
1
What is the hundreds digit of 11813?
8
What is the units digit of 4351?
1
What is the tens digit of 452?
5
What is the tens digit of 63915?
1
What is the thousands digit of 105218?
5
What is the units digit of 313?
3
What is the units digit of 42640?
0
What is the thousands digit of 2721?
2
What is the hundreds digit of 4781?
7
What is the units digit of 22221?
1
What is the tens digit of 736?
3
What is the tens digit of 34887?
8
What is the thousands digit of 4926?
4
What is the tens digit of 1424?
2
What is the hundreds digit of 3327?
3
What is the units digit of 14462?
2
What is the thousands digit of 5432?
5
What is the thousands digit of 50071?
0
What is the hundreds digit of 4559?
5
What is the units digit of 29913?
3
What is the hundreds digit of 46597?
5
What is the tens digit of 2537?
3
What is the units digit of 888?
8
What is the hundreds digit of 24781?
7
What is the ten thousands digit of 131101?
3
What is the tens digit of 2565?
6
What is the units digit of 394?
4
What is the units digit of 2021?
1
What is the tens digit of 3176?
7
What is the units digit of 46449?
9
What is the tens digit of 68188?
8
What is the hundreds digit of 2360?
3
What is the tens digit of 26710?
1
What is the thousands digit of 85580?
5
What is the units digit of 105?
5
What is the tens digit of 6118?
1
What is the tens digit of 1311?
1
What is the hundreds digit of 1566?
5
What is the hundreds digit of 7043?
0
What is the hundreds digit of 3351?
3
What is the hundreds digit of 4928?
9
What is the thousands digit of 2976?
2
What is the hundreds digit of 62342?
3
What is the tens digit of 2343?
4
What is the units digit of 1084?
4
What is the tens digit of 1860?
6
What is the thousands digit of 33497?
3
What is the tens digit of 61361?
6
What is the units digit of 7423?
3
What is the tens digit of 5111?
1
What is the units digit of 37929?
9
What is the hundreds digit of 94384?
3
What is the hundreds digit of 47418?
4
What is the thousands digit of 1509?
1
What is the hundreds digit of 3299?
2
What is the units digit of 3590?
0
What is the thousands digit of 2482?
2
What is the units digit of 60191?
1
What is the thousands digit of 131625?
1
What is the hundreds digit of 39164?
1
What is the thousands digit of 8342?
8
What is the tens digit of 5180?
8
What is the units digit of 20887?
7
What is the thousands digit of 3502?
3
What is the hundreds digit of 15251?
2
What is the hundreds digit of 2997?
9
What is the hundreds digit of 598?
5
What is the hundreds digit of 25877?
8
What is the thousands digit of 5019?
5
What is the units digit of 8719?
9
What is the ten thousands digit of 15154?
1
What is the tens digit of 476?
7
What is the thousands digit of 1651?
1
What is the ten thousands digit of 22935?
2
What is the hundreds digit of 2370?
3
What is the tens digit of 52521?
2
What is the tens digit of 725?
2
What is the units digit of 592?
2
What is the hundreds digit of 3597?
5
What is the units digit of 1608?
8
What is the units digit of 2413?
3
What is the thou